{"id":111,"date":"2014-07-17T15:58:07","date_gmt":"2014-07-17T15:58:07","guid":{"rendered":"http:\/\/sg.exactas.uba.ar\/gestion\/blog\/?page_id=111"},"modified":"2021-06-24T18:13:32","modified_gmt":"2021-06-24T18:13:32","slug":"home","status":"publish","type":"page","link":"https:\/\/sg.exactas.uba.ar\/gestion\/blog\/","title":{"rendered":"Home"},"content":{"rendered":"\t\t<div class=\"wppsac-wrap wppsac-slick-slider-wrp wppsac-clearfix \" data-conf=\"{&quot;dots&quot;:&quot;true&quot;,&quot;arrows&quot;:&quot;true&quot;,&quot;autoplay&quot;:&quot;true&quot;,&quot;autoplay_interval&quot;:3000,&quot;speed&quot;:500,&quot;rtl&quot;:&quot;false&quot;,&quot;lazyload&quot;:&quot;&quot;}\">\r\n\t\t\t<div id=\"wppsac-post-slider-1\" class=\"wppsac-post-slider-init wppsac-post-slider design-3\">\r\n\t\t\t\t<div class=\"wppsac-post-slides\">\r\n\t<div class=\"wppsac-post-overlay\">\r\n\t\t<div class=\"wppsac-post-image-bg\">\r\n\t\t\t<a href=\"https:\/\/sg.exactas.uba.ar\/gestion\/blog\/resumen-de-logros\/\">\r\n\t\t\t\t\t\t\t\t<img class=\"wppsac-post-image\"  src=\"https:\/\/sg.exactas.uba.ar\/gestion\/blog\/wp-content\/uploads\/portada.png\" alt=\"Resumen de logros 2014-2022\" \/>\r\n\t\t\t\t\t\t\t<\/a>\r\n\t\t<\/div>\r\n\r\n\t\t\t\t<div class=\"wppsac-post-categories\"><ul class=\"wppsac-post-categories-list\"><li><a href=\"https:\/\/sg.exactas.uba.ar\/gestion\/blog\/category\/gestion-calidad\/\">Gesti\u00f3n Calidad<\/a><\/li><\/ul><\/div>\r\n\t\t\r\n\t\t<div class=\"wppsac-post-short-content\">\r\n\t\t\t<div class=\"wppsac-item-meta bottom\">\r\n\t\t\t  \t<h2 class=\"wppsac-post-title\">\r\n\t\t\t\t\t<a href=\"https:\/\/sg.exactas.uba.ar\/gestion\/blog\/resumen-de-logros\/\">Resumen de logros 2014-2022<\/a>\r\n\t\t\t\t<\/h2>\r\n\r\n\t\t\t\t\t\t\t\t<div class=\"wppsac-post-content\">\r\n\t\t\t\t\t<div class=\"wppsac-sub-content\">La Subsecretar\u00eda de Gesti\u00f3n (SsG) -dependiente de la Secretar\u00eda General- de Exactas UBA se cre\u00f3 en 2014 (Res. CD 0596) con el fin de lograr una gesti\u00f3n moderna y efectiva en las distintas \u00e1reas de la facultad, y estructur\u00f3 sus actividades en dos programas: i) calidad y mejora continua en la gesti\u00f3n, y ii) planificaci\u00f3n y evaluaci\u00f3n institucional...<\/div>\r\n\r\n\t\t\t\t\t\t\t\t\t\t<a class=\"wppsac-readmorebtn\" href=\"https:\/\/sg.exactas.uba.ar\/gestion\/blog\/resumen-de-logros\/\">Read More<\/a>\r\n\t\t\t\t\t\t\t\t\t<\/div>\r\n\t\t\t\t\t\t\t<\/div>\r\n\t\t<\/div>\r\n\t<\/div>\r\n<\/div><div class=\"wppsac-post-slides\">\r\n\t<div class=\"wppsac-post-overlay\">\r\n\t\t<div class=\"wppsac-post-image-bg\">\r\n\t\t\t<a href=\"https:\/\/sg.exactas.uba.ar\/gestion\/blog\/implementaciones-comdoc-y-gde\/\">\r\n\t\t\t\t\t\t\t\t<img class=\"wppsac-post-image\"  src=\"https:\/\/sg.exactas.uba.ar\/gestion\/blog\/wp-content\/uploads\/subse-gestion-exactas-uba_comdoc.jpg\" alt=\"Implementaciones COMDOC y GDE\" \/>\r\n\t\t\t\t\t\t\t<\/a>\r\n\t\t<\/div>\r\n\r\n\t\t\t\t<div class=\"wppsac-post-categories\"><ul class=\"wppsac-post-categories-list\"><li><a href=\"https:\/\/sg.exactas.uba.ar\/gestion\/blog\/category\/gestion-calidad\/\">Gesti\u00f3n Calidad<\/a><\/li><\/ul><\/div>\r\n\t\t\r\n\t\t<div class=\"wppsac-post-short-content\">\r\n\t\t\t<div class=\"wppsac-item-meta bottom\">\r\n\t\t\t  \t<h2 class=\"wppsac-post-title\">\r\n\t\t\t\t\t<a href=\"https:\/\/sg.exactas.uba.ar\/gestion\/blog\/implementaciones-comdoc-y-gde\/\">Implementaciones COMDOC y GDE<\/a>\r\n\t\t\t\t<\/h2>\r\n\r\n\t\t\t\t\t\t\t\t<div class=\"wppsac-post-content\">\r\n\t\t\t\t\t<div class=\"wppsac-sub-content\">El desaf\u00edo &#x1f9d0;En el 2018, por normativa de UBA deb\u00eda implementarse el sistema COMDOC para gesti\u00f3n de expedientes. SAUBA, el sistema existente, llevaba ya 10 a\u00f1os en uso, estaba obsoleto, brindaba escasa informaci\u00f3n y muy pocas personas ten\u00edan acceso y sab\u00edan usarlo. &#x1f9d0;La implementaci\u00f3n de un nuevo sistema implicaba que m\u00e1s personas accedan al mismo y que deban ser capacitadas....<\/div>\r\n\r\n\t\t\t\t\t\t\t\t\t\t<a class=\"wppsac-readmorebtn\" href=\"https:\/\/sg.exactas.uba.ar\/gestion\/blog\/implementaciones-comdoc-y-gde\/\">Read More<\/a>\r\n\t\t\t\t\t\t\t\t\t<\/div>\r\n\t\t\t\t\t\t\t<\/div>\r\n\t\t<\/div>\r\n\t<\/div>\r\n<\/div><div class=\"wppsac-post-slides\">\r\n\t<div class=\"wppsac-post-overlay\">\r\n\t\t<div class=\"wppsac-post-image-bg\">\r\n\t\t\t<a href=\"https:\/\/sg.exactas.uba.ar\/gestion\/blog\/entrevista-a-qo-adaptacion-en-covid\/\">\r\n\t\t\t\t\t\t\t\t<img class=\"wppsac-post-image\"  src=\"https:\/\/sg.exactas.uba.ar\/gestion\/blog\/wp-content\/uploads\/subse-gestion_entrevista-qo_adaptacion-covid.png\" alt=\"Entrevista a QO: Adaptaci\u00f3n en COVID\" \/>\r\n\t\t\t\t\t\t\t<\/a>\r\n\t\t<\/div>\r\n\r\n\t\t\t\t<div class=\"wppsac-post-categories\"><ul class=\"wppsac-post-categories-list\"><li><a href=\"https:\/\/sg.exactas.uba.ar\/gestion\/blog\/category\/mejoras\/\">Mejoras<\/a><\/li><\/ul><\/div>\r\n\t\t\r\n\t\t<div class=\"wppsac-post-short-content\">\r\n\t\t\t<div class=\"wppsac-item-meta bottom\">\r\n\t\t\t  \t<h2 class=\"wppsac-post-title\">\r\n\t\t\t\t\t<a href=\"https:\/\/sg.exactas.uba.ar\/gestion\/blog\/entrevista-a-qo-adaptacion-en-covid\/\">Entrevista a QO: Adaptaci\u00f3n en COVID<\/a>\r\n\t\t\t\t<\/h2>\r\n\r\n\t\t\t\t\t\t\t\t<div class=\"wppsac-post-content\">\r\n\t\t\t\t\t<div class=\"wppsac-sub-content\">Entrevistamos a Micaela Cadabon y Nancy Aguirre, secretarias del Departamento de Qu\u00edmica Org\u00e1nica, para conocer c\u00f3mo les afect\u00f3 la nueva modalidad de trabajo durante el Aislamiento Social Preventivo y Obligatorio (ASPO). \u00bfC\u00f3mo fue al principio? NA: dos semanas antes del ASPO volv\u00eda de vacaciones, y desde el aeropuerto escucho que sugieren la licencia a todos los que volvieran de vacaciones....<\/div>\r\n\r\n\t\t\t\t\t\t\t\t\t\t<a class=\"wppsac-readmorebtn\" href=\"https:\/\/sg.exactas.uba.ar\/gestion\/blog\/entrevista-a-qo-adaptacion-en-covid\/\">Read More<\/a>\r\n\t\t\t\t\t\t\t\t\t<\/div>\r\n\t\t\t\t\t\t\t<\/div>\r\n\t\t<\/div>\r\n\t<\/div>\r\n<\/div><div class=\"wppsac-post-slides\">\r\n\t<div class=\"wppsac-post-overlay\">\r\n\t\t<div class=\"wppsac-post-image-bg\">\r\n\t\t\t<a href=\"https:\/\/sg.exactas.uba.ar\/gestion\/blog\/espacio-abierto-adaptacion-en-tiempos-de-covid\/\">\r\n\t\t\t\t\t\t\t\t<img class=\"wppsac-post-image\"  src=\"https:\/\/sg.exactas.uba.ar\/gestion\/blog\/wp-content\/uploads\/espacio-abirto_notas.jpeg\" alt=\"ESPACIO ABIERTO: Adaptaci\u00f3n en tiempos de COVID.\" \/>\r\n\t\t\t\t\t\t\t<\/a>\r\n\t\t<\/div>\r\n\r\n\t\t\t\t<div class=\"wppsac-post-categories\"><ul class=\"wppsac-post-categories-list\"><li><a href=\"https:\/\/sg.exactas.uba.ar\/gestion\/blog\/category\/eventos\/\">Eventos<\/a><\/li><\/ul><\/div>\r\n\t\t\r\n\t\t<div class=\"wppsac-post-short-content\">\r\n\t\t\t<div class=\"wppsac-item-meta bottom\">\r\n\t\t\t  \t<h2 class=\"wppsac-post-title\">\r\n\t\t\t\t\t<a href=\"https:\/\/sg.exactas.uba.ar\/gestion\/blog\/espacio-abierto-adaptacion-en-tiempos-de-covid\/\">ESPACIO ABIERTO: Adaptaci\u00f3n en tiempos de COVID.<\/a>\r\n\t\t\t\t<\/h2>\r\n\r\n\t\t\t\t\t\t\t\t<div class=\"wppsac-post-content\">\r\n\t\t\t\t\t<div class=\"wppsac-sub-content\">El pasado jueves 3\/9\/20 se llev\u00f3 a cabo el 1\u00b0 Espacio abierto organizado por la Subse de Gesti\u00f3n. Espacio Abierto es un formato de reuniones sin agenda previa, donde los participantes crean y manejan su propia agenda, en torno a temas relevantes para ellos, y con sesiones simult\u00e1neas y participativas. M\u00e1s info en:\u00a0https:\/\/openspaceworld.org\/wp2\/what-is\/espa\/\u00a0o mucha m\u00e1s info\u00a0ac\u00e1.) El tema general del...<\/div>\r\n\r\n\t\t\t\t\t\t\t\t\t\t<a class=\"wppsac-readmorebtn\" href=\"https:\/\/sg.exactas.uba.ar\/gestion\/blog\/espacio-abierto-adaptacion-en-tiempos-de-covid\/\">Read More<\/a>\r\n\t\t\t\t\t\t\t\t\t<\/div>\r\n\t\t\t\t\t\t\t<\/div>\r\n\t\t<\/div>\r\n\t<\/div>\r\n<\/div>\t\t\t<\/div>\r\n\t\t<\/div>\r\n\t\n\n\n\n<div style=\"height:50px\" aria-hidden=\"true\" class=\"wp-block-spacer\"><\/div>\n\n\n\n<p class=\"has-text-align-center has-text-color\" style=\"color:#ff6451;font-size:28px\"><strong>En la Subsecretar\u00eda de Gesti\u00f3n (SsG) de Exactas de la Universidad de Buenos Aires (UBA) nos proponemos catalizar la reflexi\u00f3n institucional de mediano y largo plazo, generar una cultura de calidad y de mejora continua y acompa\u00f1ar la planificaci\u00f3n y la evaluaci\u00f3n institucional, con foco en las necesidades y expectativas de los integrantes de la comunidad.<\/strong><\/p>\n\n\n\n<div class=\"is-layout-flex wp-container-4 wp-block-columns\">\n<div class=\"is-layout-flow wp-block-column\">\n<div class=\"wp-block-image\"><figure class=\"aligncenter size-full\"><img decoding=\"async\" loading=\"lazy\" width=\"800\" height=\"420\" src=\"https:\/\/sg.exactas.uba.ar\/gestion\/blog\/wp-content\/uploads\/2019\/07\/subsecretaria-de-gestion_nosotros-mision.png\" alt=\"\" class=\"wp-image-1289\" srcset=\"https:\/\/sg.exactas.uba.ar\/gestion\/blog\/wp-content\/uploads\/2019\/07\/subsecretaria-de-gestion_nosotros-mision.png 800w, https:\/\/sg.exactas.uba.ar\/gestion\/blog\/wp-content\/uploads\/2019\/07\/subsecretaria-de-gestion_nosotros-mision-300x158.png 300w, https:\/\/sg.exactas.uba.ar\/gestion\/blog\/wp-content\/uploads\/2019\/07\/subsecretaria-de-gestion_nosotros-mision-768x403.png 768w\" sizes=\"(max-width: 800px) 100vw, 800px\" \/><\/figure><\/div>\n\n\n\n<h2>Misi\u00f3n<\/h2>\n\n\n\n<p>En la Subsecretar\u00eda de Gesti\u00f3n (SSG) de Exactas UBA tenemos como misi\u00f3n lograr una gesti\u00f3n moderna y efectiva en las distintas \u00e1reas de la facultad. Para ello, impulsamos actividades de planificaci\u00f3n y evaluaci\u00f3n, y promovemos una cultura de calidad y mejora continua mediante la utilizaci\u00f3n de&nbsp;diversas herramientas y metodolog\u00edas.<\/p>\n<\/div>\n\n\n\n<div class=\"is-layout-flow wp-block-column\">\n<div class=\"wp-block-image\"><figure class=\"aligncenter size-full\"><img decoding=\"async\" loading=\"lazy\" width=\"800\" height=\"420\" src=\"https:\/\/sg.exactas.uba.ar\/gestion\/blog\/wp-content\/uploads\/2019\/07\/subsecretaria-de-gestion_nosotros-vision.png\" alt=\"\" class=\"wp-image-1291\" srcset=\"https:\/\/sg.exactas.uba.ar\/gestion\/blog\/wp-content\/uploads\/2019\/07\/subsecretaria-de-gestion_nosotros-vision.png 800w, https:\/\/sg.exactas.uba.ar\/gestion\/blog\/wp-content\/uploads\/2019\/07\/subsecretaria-de-gestion_nosotros-vision-300x158.png 300w, https:\/\/sg.exactas.uba.ar\/gestion\/blog\/wp-content\/uploads\/2019\/07\/subsecretaria-de-gestion_nosotros-vision-768x403.png 768w\" sizes=\"(max-width: 800px) 100vw, 800px\" \/><\/figure><\/div>\n\n\n\n<h2>Visi\u00f3n<\/h2>\n\n\n\n<p>Aspiramos a proveer el apoyo necesario a todas las \u00e1reas que lo soliciten, y convertirnos en referentes de Calidad y Mejora Continua de la Gesti\u00f3n en el \u00e1mbito universitario p\u00fablico argentino.<\/p>\n<\/div>\n\n\n\n<div class=\"is-layout-flow wp-block-column\">\n<div class=\"wp-block-image\"><figure class=\"aligncenter size-full\"><img decoding=\"async\" loading=\"lazy\" width=\"800\" height=\"420\" src=\"https:\/\/sg.exactas.uba.ar\/gestion\/blog\/wp-content\/uploads\/2019\/07\/subsecretaria-de-gestion_nosotros-valores.png\" alt=\"\" class=\"wp-image-1290\" srcset=\"https:\/\/sg.exactas.uba.ar\/gestion\/blog\/wp-content\/uploads\/2019\/07\/subsecretaria-de-gestion_nosotros-valores.png 800w, https:\/\/sg.exactas.uba.ar\/gestion\/blog\/wp-content\/uploads\/2019\/07\/subsecretaria-de-gestion_nosotros-valores-300x158.png 300w, https:\/\/sg.exactas.uba.ar\/gestion\/blog\/wp-content\/uploads\/2019\/07\/subsecretaria-de-gestion_nosotros-valores-768x403.png 768w\" sizes=\"(max-width: 800px) 100vw, 800px\" \/><\/figure><\/div>\n\n\n\n<h2>Valores<\/h2>\n\n\n\n<p>Abordamos nuestro trabajo desde una mirada sist\u00e9mica y de procesos, poniendo foco en el usuario-ciudadano, considerando la capacitaci\u00f3n permanente del personal, el respeto por las personas, y la rendici\u00f3n de cuentas a la sociedad como contraparte de la autonom\u00eda universitaria.<\/p>\n<\/div>\n<\/div>\n","protected":false},"excerpt":{"rendered":"<p>En la Subsecretar\u00eda de Gesti\u00f3n (SsG) de Exactas de la Universidad de Buenos Aires (UBA) nos proponemos catalizar la reflexi\u00f3n institucional de mediano y largo plazo, generar una cultura de calidad y de mejora continua y acompa\u00f1ar la planificaci\u00f3n y la evaluaci\u00f3n institucional, con foco en las necesidades y expectativas de los integrantes de laSeguir leyendo &rarr;<\/p>\n","protected":false},"author":1,"featured_media":0,"parent":0,"menu_order":0,"comment_status":"closed","ping_status":"closed","template":"","meta":[],"_links":{"self":[{"href":"https:\/\/sg.exactas.uba.ar\/gestion\/blog\/wp-json\/wp\/v2\/pages\/111"}],"collection":[{"href":"https:\/\/sg.exactas.uba.ar\/gestion\/blog\/wp-json\/wp\/v2\/pages"}],"about":[{"href":"https:\/\/sg.exactas.uba.ar\/gestion\/blog\/wp-json\/wp\/v2\/types\/page"}],"author":[{"embeddable":true,"href":"https:\/\/sg.exactas.uba.ar\/gestion\/blog\/wp-json\/wp\/v2\/users\/1"}],"replies":[{"embeddable":true,"href":"https:\/\/sg.exactas.uba.ar\/gestion\/blog\/wp-json\/wp\/v2\/comments?post=111"}],"version-history":[{"count":23,"href":"https:\/\/sg.exactas.uba.ar\/gestion\/blog\/wp-json\/wp\/v2\/pages\/111\/revisions"}],"predecessor-version":[{"id":1692,"href":"https:\/\/sg.exactas.uba.ar\/gestion\/blog\/wp-json\/wp\/v2\/pages\/111\/revisions\/1692"}],"wp:attachment":[{"href":"https:\/\/sg.exactas.uba.ar\/gestion\/blog\/wp-json\/wp\/v2\/media?parent=111"}],"curies":[{"name":"wp","href":"https:\/\/api.w.org\/{rel}","templated":true}]}}