{"id":5,"date":"2014-05-15T13:28:48","date_gmt":"2014-05-15T13:28:48","guid":{"rendered":"http:\/\/calidadymejora.wordpress.com\/?page_id=1"},"modified":"2021-06-24T18:16:57","modified_gmt":"2021-06-24T18:16:57","slug":"about","status":"publish","type":"page","link":"https:\/\/sg.exactas.uba.ar\/gestion\/blog\/about\/","title":{"rendered":"Acerca de"},"content":{"rendered":"\n<p>En la Subsecretar\u00eda de Gesti\u00f3n (SsG) de Exactas UBA nos proponemos lograr una gesti\u00f3n moderna y efectiva en las distintas \u00e1reas de la facultad.\u00a0Nuestras actividades est\u00e1n organizadas en dos programas con objetivos de mediano y largo plazo:<\/p>\n\n\n\n<div class=\"is-layout-flex wp-container-3 wp-block-columns\">\n<div class=\"is-layout-flow wp-block-column\">\n<h3>Programa de calidad y mejora continua en la gesti\u00f3n<\/h3>\n\n\n\n<p>identificaci\u00f3n de oportunidades de mejora, desarrollo de un sistema de gesti\u00f3n de la calidad y generaci\u00f3n de una cultura de mejora continua.<\/p>\n<\/div>\n\n\n\n<div class=\"is-layout-flow wp-block-column\">\n<h3>Programa de planificaci\u00f3n y evaluaci\u00f3n institucional<\/h3>\n\n\n\n<p>coordinaci\u00f3n y apoyo en la planificaci\u00f3n estrat\u00e9gica institucional, preparaci\u00f3n de planes operativos de gesti\u00f3n, evaluaci\u00f3n de programas y proyectos.<\/p>\n<\/div>\n<\/div>\n\n\n\n<p>Adoptamos abordajes sist\u00e9micos y de procesos, con foco en las necesidades y expectativas de los integrantes de la comunidad.<\/p>\n\n\n\n<p>La SsG forma parte de la Secretar\u00eda General, y entre las funciones de \u00e9sta, asume las siguientes (<a title=\"Misi\u00f3n y funciones Secretar\u00eda General\" href=\"http:\/\/exactas.uba.ar\/institucional\/display.php?estructura=1&amp;desarrollo=0&amp;id_caja=302&amp;nivel_caja=2\" target=\"_blank\" rel=\"noopener\">Res CD 596\/2014<\/a>):<br>&#8211; impulsar la calidad en los procesos de la gesti\u00f3n y desarrollar una cultura de mejora continua,<br>&#8211; asistir a las distintas \u00e1reas en el an\u00e1lisis, documentaci\u00f3n y mejora de procesos administrativos,<br>&#8211; colaborar en conjunto con el resto de las Secretar\u00edas en la confecci\u00f3n de planes a largo plazo referidos al desarrollo general de la Facultad y de sus actividades.<\/p>\n\n\n\n<div class=\"wp-block-image is-style-default\"><figure class=\"aligncenter\"><img decoding=\"async\" loading=\"lazy\" width=\"700\" height=\"400\" src=\"http:\/\/sg.exactas.uba.ar\/gestion\/blog\/wp-content\/uploads\/2019\/07\/subsecretaria-de-gestion_exactas_mejora-continua-calidad.png\" alt=\"\" class=\"wp-image-1305\" srcset=\"https:\/\/sg.exactas.uba.ar\/gestion\/blog\/wp-content\/uploads\/2019\/07\/subsecretaria-de-gestion_exactas_mejora-continua-calidad.png 700w, https:\/\/sg.exactas.uba.ar\/gestion\/blog\/wp-content\/uploads\/2019\/07\/subsecretaria-de-gestion_exactas_mejora-continua-calidad-300x171.png 300w\" sizes=\"(max-width: 700px) 100vw, 700px\" \/><\/figure><\/div>\n","protected":false},"excerpt":{"rendered":"<p>En la Subsecretar\u00eda de Gesti\u00f3n (SsG) de Exactas UBA nos proponemos lograr una gesti\u00f3n moderna y efectiva en las distintas \u00e1reas de la facultad.\u00a0Nuestras actividades est\u00e1n organizadas en dos programas con objetivos de mediano y largo plazo: Programa de calidad y mejora continua en la gesti\u00f3n identificaci\u00f3n de oportunidades de mejora, desarrollo de un sistemaSeguir leyendo &rarr;<\/p>\n","protected":false},"author":1,"featured_media":0,"parent":0,"menu_order":0,"comment_status":"closed","ping_status":"closed","template":"","meta":[],"_links":{"self":[{"href":"https:\/\/sg.exactas.uba.ar\/gestion\/blog\/wp-json\/wp\/v2\/pages\/5"}],"collection":[{"href":"https:\/\/sg.exactas.uba.ar\/gestion\/blog\/wp-json\/wp\/v2\/pages"}],"about":[{"href":"https:\/\/sg.exactas.uba.ar\/gestion\/blog\/wp-json\/wp\/v2\/types\/page"}],"author":[{"embeddable":true,"href":"https:\/\/sg.exactas.uba.ar\/gestion\/blog\/wp-json\/wp\/v2\/users\/1"}],"replies":[{"embeddable":true,"href":"https:\/\/sg.exactas.uba.ar\/gestion\/blog\/wp-json\/wp\/v2\/comments?post=5"}],"version-history":[{"count":18,"href":"https:\/\/sg.exactas.uba.ar\/gestion\/blog\/wp-json\/wp\/v2\/pages\/5\/revisions"}],"predecessor-version":[{"id":1694,"href":"https:\/\/sg.exactas.uba.ar\/gestion\/blog\/wp-json\/wp\/v2\/pages\/5\/revisions\/1694"}],"wp:attachment":[{"href":"https:\/\/sg.exactas.uba.ar\/gestion\/blog\/wp-json\/wp\/v2\/media?parent=5"}],"curies":[{"name":"wp","href":"https:\/\/api.w.org\/{rel}","templated":true}]}}